{"id":165,"date":"2024-05-14T19:12:44","date_gmt":"2024-05-14T19:12:44","guid":{"rendered":"http:\/\/www.delmonteschool.edu.gt\/?page_id=165"},"modified":"2026-03-19T11:02:35","modified_gmt":"2026-03-19T17:02:35","slug":"coordinaciones","status":"publish","type":"page","link":"https:\/\/www.delmonteschool.edu.gt\/?page_id=165","title":{"rendered":"Coordinaciones"},"content":{"rendered":"\t\t<div data-elementor-type=\"wp-page\" data-elementor-id=\"165\" class=\"elementor elementor-165\" data-elementor-post-type=\"page\">\n\t\t\t\t<div class=\"elementor-element elementor-element-fd247a7 e-con-full e-flex e-con e-parent\" data-id=\"fd247a7\" data-element_type=\"container\" data-e-type=\"container\" data-settings=\"{&quot;background_background&quot;:&quot;slideshow&quot;,&quot;background_slideshow_gallery&quot;:[{&quot;id&quot;:41,&quot;url&quot;:&quot;http:\\\/\\\/www.delmonteschool.edu.gt\\\/wp-content\\\/uploads\\\/2024\\\/05\\\/421699124_353758940848282_7715628346003393156_n.jpg&quot;}],&quot;shape_divider_bottom&quot;:&quot;opacity-tilt&quot;,&quot;background_slideshow_loop&quot;:&quot;yes&quot;,&quot;background_slideshow_slide_duration&quot;:5000,&quot;background_slideshow_slide_transition&quot;:&quot;fade&quot;,&quot;background_slideshow_transition_duration&quot;:500}\">\n\t\t\t\t<div class=\"elementor-shape elementor-shape-bottom\" aria-hidden=\"true\" data-negative=\"false\">\n\t\t\t<svg xmlns=\"http:\/\/www.w3.org\/2000\/svg\" viewBox=\"0 0 2600 131.1\" preserveAspectRatio=\"none\">\n\t<path class=\"elementor-shape-fill\" d=\"M0 0L2600 0 2600 69.1 0 0z\"\/>\n\t<path class=\"elementor-shape-fill\" style=\"opacity:0.5\" d=\"M0 0L2600 0 2600 69.1 0 69.1z\"\/>\n\t<path class=\"elementor-shape-fill\" style=\"opacity:0.25\" d=\"M2600 0L0 0 0 130.1 2600 69.1z\"\/>\n<\/svg>\t\t<\/div>\n\t\t<div class=\"elementor-element elementor-element-19708c5 e-con-full e-flex e-con e-child\" data-id=\"19708c5\" data-element_type=\"container\" data-e-type=\"container\">\n\t\t\t\t<div class=\"elementor-element elementor-element-ade8549 elementor-widget elementor-widget-heading\" data-id=\"ade8549\" data-element_type=\"widget\" data-e-type=\"widget\" data-widget_type=\"heading.default\">\n\t\t\t\t<div class=\"elementor-widget-container\">\n\t\t\t\t\t<h2 class=\"elementor-heading-title elementor-size-default\">Coordinaciones<\/h2>\t\t\t\t<\/div>\n\t\t\t\t<\/div>\n\t\t\t\t<\/div>\n\t\t<div class=\"elementor-element elementor-element-6e93f5b e-con-full e-flex e-con e-child\" data-id=\"6e93f5b\" data-element_type=\"container\" data-e-type=\"container\">\n\t\t\t\t<\/div>\n\t\t\t\t<\/div>\n\t\t<div class=\"elementor-element elementor-element-6eb9c38 e-flex e-con-boxed e-con e-parent\" data-id=\"6eb9c38\" data-element_type=\"container\" data-e-type=\"container\">\n\t\t\t\t\t<div class=\"e-con-inner\">\n\t\t\t\t\t<\/div>\n\t\t\t\t<\/div>\n\t\t<div class=\"elementor-element elementor-element-5605e5d e-flex e-con-boxed e-con e-parent\" data-id=\"5605e5d\" data-element_type=\"container\" data-e-type=\"container\">\n\t\t\t\t\t<div class=\"e-con-inner\">\n\t\t<div class=\"elementor-element elementor-element-526afd0 e-con-full e-flex e-con e-child\" data-id=\"526afd0\" data-element_type=\"container\" data-e-type=\"container\">\n\t\t\t\t<div class=\"elementor-element elementor-element-8e39cfb elementor-widget elementor-widget-image\" data-id=\"8e39cfb\" data-element_type=\"widget\" data-e-type=\"widget\" data-widget_type=\"image.default\">\n\t\t\t\t<div class=\"elementor-widget-container\">\n\t\t\t\t\t\t\t\t\t\t\t\t\t\t\t<img fetchpriority=\"high\" decoding=\"async\" width=\"512\" height=\"512\" src=\"https:\/\/www.delmonteschool.edu.gt\/wp-content\/uploads\/2024\/05\/lengua-espanola.png\" class=\"attachment-large size-large wp-image-280\" alt=\"\" srcset=\"https:\/\/www.delmonteschool.edu.gt\/wp-content\/uploads\/2024\/05\/lengua-espanola.png 512w, https:\/\/www.delmonteschool.edu.gt\/wp-content\/uploads\/2024\/05\/lengua-espanola-300x300.png 300w, https:\/\/www.delmonteschool.edu.gt\/wp-content\/uploads\/2024\/05\/lengua-espanola-150x150.png 150w\" sizes=\"(max-width: 512px) 100vw, 512px\" \/>\t\t\t\t\t\t\t\t\t\t\t\t\t\t\t<\/div>\n\t\t\t\t<\/div>\n\t\t\t\t<div class=\"elementor-element elementor-element-32719ce elementor-widget elementor-widget-heading\" data-id=\"32719ce\" data-element_type=\"widget\" data-e-type=\"widget\" data-widget_type=\"heading.default\">\n\t\t\t\t<div class=\"elementor-widget-container\">\n\t\t\t\t\t<h2 class=\"elementor-heading-title elementor-size-default\">Espa\u00f1ol<\/h2>\t\t\t\t<\/div>\n\t\t\t\t<\/div>\n\t\t\t\t<div class=\"elementor-element elementor-element-2fc77eb elementor-widget elementor-widget-text-editor\" data-id=\"2fc77eb\" data-element_type=\"widget\" data-e-type=\"widget\" data-widget_type=\"text-editor.default\">\n\t\t\t\t<div class=\"elementor-widget-container\">\n\t\t\t\t\t\t\t\t\t<p>El Centro Educativo Biling\u00fce Del Monte, imparte una educaci\u00f3n integral, de acuerdo con las normas del Ministerio de Educaci\u00f3n y de colegios privados de alto nivel acad\u00e9mico en Guatemala.\u00a0 Prepara a los alumnos para continuar estudios superiores en universidades del sistema nacional guatemalteco o del exterior, y adem\u00e1s desarrolla en ellos una visi\u00f3n que les permita un mejor desempe\u00f1o acad\u00e9mico, brindando al estudiante las herramientas necesarias para que tenga la capacidad de resolver responsable e independientemente situaciones del diario vivir a trav\u00e9s del di\u00e1logo, el saber escuchar y la empat\u00eda.\u00a0 Proporcionando una educaci\u00f3n basada en principios humanos, cient\u00edficos, t\u00e9cnicos, culturales, y espirituales, que los preparen para el trabajo, la convivencia social y les permitan el acceso a otros niveles de vida. \u00a0La educaci\u00f3n se imparte en cuatro niveles:<\/p><ol><li>Preprimaria con las asignaturas de: Destrezas de aprendizaje matem\u00e1tico; Destrezas de Comunicaci\u00f3n y Lenguaje; Educaci\u00f3n para la ciencia y Ciudadan\u00eda. Educaci\u00f3n art\u00edstica, Educaci\u00f3n F\u00edsica y Computaci\u00f3n.<\/li><li>Primaria se imparten las asignaturas de: Comunicaci\u00f3n y Lenguaje L1, Queqch\u00ed L2, Matem\u00e1tica, Medio Social y Natural, Formaci\u00f3n Ciudadana, Expresi\u00f3n Art\u00edstica, Educaci\u00f3n F\u00edsica, Productividad y Desarrollo, Computaci\u00f3n.<\/li><li>B\u00e1sico se imparten las asignaturas de: Comunicaci\u00f3n y Lenguaje, Matem\u00e1tica, Ciencias Sociales, Ciencias Naturales, F\u00edsica Fundamental, Emprendimiento, Contabilidad, Educaci\u00f3n F\u00edsica y Computaci\u00f3n, Expresi\u00f3n Art\u00edstica, Cultura e Idioma Maya, gar\u00edfuna o xinca, Danza y arte.<\/li><li>Diversificado se imparten las asignaturas de: Lengua y Literatura, Matem\u00e1tica, L\u00f3gica, F\u00edsica, Qu\u00edmica, Biolog\u00eda, Sociales, Educaci\u00f3n F\u00edsica, Expresi\u00f3n Art\u00edstica, Filosof\u00eda, Computaci\u00f3n Aplicada, Laboratorio I, Contabilidad General y Sistema e Instalaci\u00f3n de Software, \u00c9tica Profesional, Estad\u00edstica, Seminario, Reparaci\u00f3n y Soporte t\u00e9cnico, Producci\u00f3n de Contenidos Digitales.<\/li><\/ol>\t\t\t\t\t\t\t\t<\/div>\n\t\t\t\t<\/div>\n\t\t\t\t<\/div>\n\t\t<div class=\"elementor-element elementor-element-fe0b77f e-con-full e-flex e-con e-child\" data-id=\"fe0b77f\" data-element_type=\"container\" data-e-type=\"container\">\n\t\t\t\t<div class=\"elementor-element elementor-element-13a8854 elementor-widget elementor-widget-image\" data-id=\"13a8854\" data-element_type=\"widget\" data-e-type=\"widget\" data-widget_type=\"image.default\">\n\t\t\t\t<div class=\"elementor-widget-container\">\n\t\t\t\t\t\t\t\t\t\t\t\t\t\t\t<img decoding=\"async\" width=\"512\" height=\"512\" src=\"https:\/\/www.delmonteschool.edu.gt\/wp-content\/uploads\/2024\/05\/hola.png\" class=\"attachment-large size-large wp-image-285\" alt=\"\" srcset=\"https:\/\/www.delmonteschool.edu.gt\/wp-content\/uploads\/2024\/05\/hola.png 512w, https:\/\/www.delmonteschool.edu.gt\/wp-content\/uploads\/2024\/05\/hola-300x300.png 300w, https:\/\/www.delmonteschool.edu.gt\/wp-content\/uploads\/2024\/05\/hola-150x150.png 150w\" sizes=\"(max-width: 512px) 100vw, 512px\" \/>\t\t\t\t\t\t\t\t\t\t\t\t\t\t\t<\/div>\n\t\t\t\t<\/div>\n\t\t\t\t<div class=\"elementor-element elementor-element-d6786b9 elementor-widget elementor-widget-heading\" data-id=\"d6786b9\" data-element_type=\"widget\" data-e-type=\"widget\" data-widget_type=\"heading.default\">\n\t\t\t\t<div class=\"elementor-widget-container\">\n\t\t\t\t\t<h2 class=\"elementor-heading-title elementor-size-default\">Ingl\u00e9s<\/h2>\t\t\t\t<\/div>\n\t\t\t\t<\/div>\n\t\t\t\t<div class=\"elementor-element elementor-element-d13c8b3 elementor-widget elementor-widget-text-editor\" data-id=\"d13c8b3\" data-element_type=\"widget\" data-e-type=\"widget\" data-widget_type=\"text-editor.default\">\n\t\t\t\t<div class=\"elementor-widget-container\">\n\t\t\t\t\t\t\t\t\t<p>Centro Educativo Biling\u00fce Del Monte cuenta con un programa completo en ingl\u00e9s dirigido por un equipo de maestras altamente calificadas y especializadas para la ense\u00f1anza del mismo. En este programa se busca que los estudiantes adquieran el idioma de forma natural tanto escrito como oral. Siempre haciendo uso de las inteligencias m\u00faltiples y centr\u00e1ndose en las necesidades de cada uno de los ni\u00f1os. El objetivo es que nuestros estudiantes logren desenvolverse en el extranjero sin ning\u00fan problema y adquirir mejores oportunidades laborales. El programa se divide en tres \u00e1reas:\u00a0<\/p><ul><li>Preprimaria se imparten las clases de Language Arts, Phonics y Math.<\/li><li>Primaria se imparten las clases de Language Arts, Math, Science y Social Studies.<\/li><li>Secundaria se imparten las clases de Language Arts, Science y History.<\/li><\/ul><p>As\u00ed mismo nuestros graduandos se certifican con el programa TOEFL avalado internacionalmente, el cual abre oportunidades para la admisi\u00f3n en diferentes universidades.<\/p><p>Coordinadora de Ingl\u00e9s<\/p>\t\t\t\t\t\t\t\t<\/div>\n\t\t\t\t<\/div>\n\t\t\t\t<\/div>\n\t\t\t\t\t<\/div>\n\t\t\t\t<\/div>\n\t\t\t\t<\/div>\n\t\t","protected":false},"excerpt":{"rendered":"<p>Coordinaciones Espa\u00f1ol El Centro Educativo Biling\u00fce Del Monte, imparte una educaci\u00f3n integral, de acuerdo con las normas del Ministerio de Educaci\u00f3n y de colegios privados de alto nivel acad\u00e9mico en Guatemala.\u00a0 Prepara a los alumnos para continuar estudios superiores en universidades del sistema nacional guatemalteco o del exterior, y adem\u00e1s desarrolla en ellos una visi\u00f3n [&hellip;]<\/p>\n","protected":false},"author":1,"featured_media":0,"parent":0,"menu_order":0,"comment_status":"closed","ping_status":"closed","template":"","meta":{"footnotes":""},"class_list":["post-165","page","type-page","status-publish","hentry"],"_links":{"self":[{"href":"https:\/\/www.delmonteschool.edu.gt\/index.php?rest_route=\/wp\/v2\/pages\/165","targetHints":{"allow":["GET"]}}],"collection":[{"href":"https:\/\/www.delmonteschool.edu.gt\/index.php?rest_route=\/wp\/v2\/pages"}],"about":[{"href":"https:\/\/www.delmonteschool.edu.gt\/index.php?rest_route=\/wp\/v2\/types\/page"}],"author":[{"embeddable":true,"href":"https:\/\/www.delmonteschool.edu.gt\/index.php?rest_route=\/wp\/v2\/users\/1"}],"replies":[{"embeddable":true,"href":"https:\/\/www.delmonteschool.edu.gt\/index.php?rest_route=%2Fwp%2Fv2%2Fcomments&post=165"}],"version-history":[{"count":28,"href":"https:\/\/www.delmonteschool.edu.gt\/index.php?rest_route=\/wp\/v2\/pages\/165\/revisions"}],"predecessor-version":[{"id":106567,"href":"https:\/\/www.delmonteschool.edu.gt\/index.php?rest_route=\/wp\/v2\/pages\/165\/revisions\/106567"}],"wp:attachment":[{"href":"https:\/\/www.delmonteschool.edu.gt\/index.php?rest_route=%2Fwp%2Fv2%2Fmedia&parent=165"}],"curies":[{"name":"wp","href":"https:\/\/api.w.org\/{rel}","templated":true}]}}