{"id":10,"date":"2024-05-07T09:58:59","date_gmt":"2024-05-07T15:58:59","guid":{"rendered":"http:\/\/www.delmonteschool.edu.gt\/?page_id=10"},"modified":"2026-04-27T14:31:52","modified_gmt":"2026-04-27T20:31:52","slug":"inicio","status":"publish","type":"page","link":"https:\/\/www.delmonteschool.edu.gt\/","title":{"rendered":"Inicio"},"content":{"rendered":"\t\t<div data-elementor-type=\"wp-page\" data-elementor-id=\"10\" class=\"elementor elementor-10\" data-elementor-post-type=\"page\">\n\t\t\t\t<div class=\"elementor-element elementor-element-175bf5e e-con-full e-flex e-con e-parent\" data-id=\"175bf5e\" data-element_type=\"container\" data-e-type=\"container\" data-settings=\"{&quot;background_background&quot;:&quot;slideshow&quot;,&quot;background_slideshow_gallery&quot;:[{&quot;id&quot;:41,&quot;url&quot;:&quot;http:\\\/\\\/www.delmonteschool.edu.gt\\\/wp-content\\\/uploads\\\/2024\\\/05\\\/421699124_353758940848282_7715628346003393156_n.jpg&quot;}],&quot;shape_divider_bottom&quot;:&quot;opacity-tilt&quot;,&quot;background_slideshow_loop&quot;:&quot;yes&quot;,&quot;background_slideshow_slide_duration&quot;:5000,&quot;background_slideshow_slide_transition&quot;:&quot;fade&quot;,&quot;background_slideshow_transition_duration&quot;:500}\">\n\t\t\t\t<div class=\"elementor-shape elementor-shape-bottom\" aria-hidden=\"true\" data-negative=\"false\">\n\t\t\t<svg xmlns=\"http:\/\/www.w3.org\/2000\/svg\" viewBox=\"0 0 2600 131.1\" preserveAspectRatio=\"none\">\n\t<path class=\"elementor-shape-fill\" d=\"M0 0L2600 0 2600 69.1 0 0z\"\/>\n\t<path class=\"elementor-shape-fill\" style=\"opacity:0.5\" d=\"M0 0L2600 0 2600 69.1 0 69.1z\"\/>\n\t<path class=\"elementor-shape-fill\" style=\"opacity:0.25\" d=\"M2600 0L0 0 0 130.1 2600 69.1z\"\/>\n<\/svg>\t\t<\/div>\n\t\t<div class=\"elementor-element elementor-element-253dae4 e-con-full e-flex e-con e-child\" data-id=\"253dae4\" data-element_type=\"container\" data-e-type=\"container\">\n\t\t\t\t<div class=\"elementor-element elementor-element-f8d2437 elementor-widget elementor-widget-heading\" data-id=\"f8d2437\" data-element_type=\"widget\" data-e-type=\"widget\" data-widget_type=\"heading.default\">\n\t\t\t\t<div class=\"elementor-widget-container\">\n\t\t\t\t\t<h2 class=\"elementor-heading-title elementor-size-default\">Centro Educativo Biling\u00fce<\/h2>\t\t\t\t<\/div>\n\t\t\t\t<\/div>\n\t\t\t\t<div class=\"elementor-element elementor-element-5f08482 elementor-widget elementor-widget-heading\" data-id=\"5f08482\" data-element_type=\"widget\" data-e-type=\"widget\" data-widget_type=\"heading.default\">\n\t\t\t\t<div class=\"elementor-widget-container\">\n\t\t\t\t\t<h2 class=\"elementor-heading-title elementor-size-default\">del Monte<\/h2>\t\t\t\t<\/div>\n\t\t\t\t<\/div>\n\t\t\t\t<div class=\"elementor-element elementor-element-1acd728 elementor-headline--style-highlight elementor-widget elementor-widget-animated-headline\" data-id=\"1acd728\" data-element_type=\"widget\" data-e-type=\"widget\" data-settings=\"{&quot;highlighted_text&quot;:&quot;Living Our Values&quot;,&quot;marker&quot;:&quot;underline&quot;,&quot;headline_style&quot;:&quot;highlight&quot;,&quot;loop&quot;:&quot;yes&quot;,&quot;highlight_animation_duration&quot;:1200,&quot;highlight_iteration_delay&quot;:8000}\" data-widget_type=\"animated-headline.default\">\n\t\t\t\t<div class=\"elementor-widget-container\">\n\t\t\t\t\t\t\t<h3 class=\"elementor-headline\">\n\t\t\t\t<span class=\"elementor-headline-dynamic-wrapper elementor-headline-text-wrapper\">\n\t\t\t\t\t<span class=\"elementor-headline-dynamic-text elementor-headline-text-active\">Living Our Values<\/span>\n\t\t\t\t<\/span>\n\t\t\t\t<\/h3>\n\t\t\t\t\t\t<\/div>\n\t\t\t\t<\/div>\n\t\t\t\t<\/div>\n\t\t<div class=\"elementor-element elementor-element-12029af e-con-full e-flex e-con e-child\" data-id=\"12029af\" data-element_type=\"container\" data-e-type=\"container\">\n\t\t\t\t<\/div>\n\t\t\t\t<\/div>\n\t\t<div class=\"elementor-element elementor-element-b43ee5a e-flex e-con-boxed e-con e-parent\" data-id=\"b43ee5a\" data-element_type=\"container\" data-e-type=\"container\">\n\t\t\t\t\t<div class=\"e-con-inner\">\n\t\t<div class=\"elementor-element elementor-element-22c498c e-con-full e-flex e-con e-child\" data-id=\"22c498c\" data-element_type=\"container\" data-e-type=\"container\">\n\t\t\t\t<div class=\"elementor-element elementor-element-83116a6 elementor-widget elementor-widget-image\" data-id=\"83116a6\" data-element_type=\"widget\" data-e-type=\"widget\" data-widget_type=\"image.default\">\n\t\t\t\t<div class=\"elementor-widget-container\">\n\t\t\t\t\t\t\t\t\t\t\t\t\t\t\t<img fetchpriority=\"high\" decoding=\"async\" width=\"512\" height=\"512\" src=\"https:\/\/www.delmonteschool.edu.gt\/wp-content\/uploads\/2024\/05\/vision.png\" class=\"attachment-large size-large wp-image-99\" alt=\"\" srcset=\"https:\/\/www.delmonteschool.edu.gt\/wp-content\/uploads\/2024\/05\/vision.png 512w, https:\/\/www.delmonteschool.edu.gt\/wp-content\/uploads\/2024\/05\/vision-300x300.png 300w, https:\/\/www.delmonteschool.edu.gt\/wp-content\/uploads\/2024\/05\/vision-150x150.png 150w\" sizes=\"(max-width: 512px) 100vw, 512px\" \/>\t\t\t\t\t\t\t\t\t\t\t\t\t\t\t<\/div>\n\t\t\t\t<\/div>\n\t\t\t\t<div class=\"elementor-element elementor-element-b96694b elementor-widget elementor-widget-heading\" data-id=\"b96694b\" data-element_type=\"widget\" data-e-type=\"widget\" data-widget_type=\"heading.default\">\n\t\t\t\t<div class=\"elementor-widget-container\">\n\t\t\t\t\t<h2 class=\"elementor-heading-title elementor-size-default\">Visi\u00f3n<\/h2>\t\t\t\t<\/div>\n\t\t\t\t<\/div>\n\t\t\t\t<div class=\"elementor-element elementor-element-3035ed1 elementor-widget elementor-widget-text-editor\" data-id=\"3035ed1\" data-element_type=\"widget\" data-e-type=\"widget\" data-widget_type=\"text-editor.default\">\n\t\t\t\t<div class=\"elementor-widget-container\">\n\t\t\t\t\t\t\t\t\t<p>Ser un colegio con estudiantes competentes que posean una formaci\u00f3n integral, con un sistema biling\u00fce completo, pensamiento anal\u00edtico, cr\u00edtico y un alto nivel acad\u00e9mico. Con un genuino compromiso por su pa\u00eds y con una mirada compasiva ante las necesidades de su comunidad.<\/p>\t\t\t\t\t\t\t\t<\/div>\n\t\t\t\t<\/div>\n\t\t\t\t<\/div>\n\t\t<div class=\"elementor-element elementor-element-3fd1a55 e-con-full e-flex e-con e-child\" data-id=\"3fd1a55\" data-element_type=\"container\" data-e-type=\"container\">\n\t\t\t\t<div class=\"elementor-element elementor-element-f5aa921 elementor-widget elementor-widget-image\" data-id=\"f5aa921\" data-element_type=\"widget\" data-e-type=\"widget\" data-widget_type=\"image.default\">\n\t\t\t\t<div class=\"elementor-widget-container\">\n\t\t\t\t\t\t\t\t\t\t\t\t\t\t\t<img decoding=\"async\" width=\"512\" height=\"512\" src=\"https:\/\/www.delmonteschool.edu.gt\/wp-content\/uploads\/2024\/05\/liderazgo.png\" class=\"attachment-large size-large wp-image-106\" alt=\"\" srcset=\"https:\/\/www.delmonteschool.edu.gt\/wp-content\/uploads\/2024\/05\/liderazgo.png 512w, https:\/\/www.delmonteschool.edu.gt\/wp-content\/uploads\/2024\/05\/liderazgo-300x300.png 300w, https:\/\/www.delmonteschool.edu.gt\/wp-content\/uploads\/2024\/05\/liderazgo-150x150.png 150w\" sizes=\"(max-width: 512px) 100vw, 512px\" \/>\t\t\t\t\t\t\t\t\t\t\t\t\t\t\t<\/div>\n\t\t\t\t<\/div>\n\t\t\t\t<div class=\"elementor-element elementor-element-99f06e7 elementor-widget elementor-widget-heading\" data-id=\"99f06e7\" data-element_type=\"widget\" data-e-type=\"widget\" data-widget_type=\"heading.default\">\n\t\t\t\t<div class=\"elementor-widget-container\">\n\t\t\t\t\t<h2 class=\"elementor-heading-title elementor-size-default\">Misi\u00f3n<\/h2>\t\t\t\t<\/div>\n\t\t\t\t<\/div>\n\t\t\t\t<div class=\"elementor-element elementor-element-9dc4d61 elementor-widget elementor-widget-text-editor\" data-id=\"9dc4d61\" data-element_type=\"widget\" data-e-type=\"widget\" data-widget_type=\"text-editor.default\">\n\t\t\t\t<div class=\"elementor-widget-container\">\n\t\t\t\t\t\t\t\t\tPreparar estudiantes con una educaci\u00f3n basada en la formaci\u00f3n de valores, l\u00edderes\nresponsables, ciudadanos \u00e9ticos, intelectuales y con compromiso social a trav\u00e9s del\ndi\u00e1logo, metodolog\u00eda participativa y con un sistema biling\u00fce en todos los niveles.\t\t\t\t\t\t\t\t<\/div>\n\t\t\t\t<\/div>\n\t\t\t\t<\/div>\n\t\t\t\t\t<\/div>\n\t\t\t\t<\/div>\n\t\t<div class=\"elementor-element elementor-element-c13e9a0 e-flex e-con-boxed e-con e-parent\" data-id=\"c13e9a0\" data-element_type=\"container\" data-e-type=\"container\">\n\t\t\t\t\t<div class=\"e-con-inner\">\n\t\t<div class=\"elementor-element elementor-element-d1ea16c e-con-full e-flex e-con e-child\" data-id=\"d1ea16c\" data-element_type=\"container\" data-e-type=\"container\">\n\t\t\t\t<div class=\"elementor-element elementor-element-df5ee21 elementor-widget elementor-widget-image\" data-id=\"df5ee21\" data-element_type=\"widget\" data-e-type=\"widget\" data-widget_type=\"image.default\">\n\t\t\t\t<div class=\"elementor-widget-container\">\n\t\t\t\t\t\t\t\t\t\t\t\t\t\t\t<img decoding=\"async\" width=\"512\" height=\"512\" src=\"https:\/\/www.delmonteschool.edu.gt\/wp-content\/uploads\/2024\/05\/objetivo.png\" class=\"attachment-large size-large wp-image-97\" alt=\"\" srcset=\"https:\/\/www.delmonteschool.edu.gt\/wp-content\/uploads\/2024\/05\/objetivo.png 512w, https:\/\/www.delmonteschool.edu.gt\/wp-content\/uploads\/2024\/05\/objetivo-300x300.png 300w, https:\/\/www.delmonteschool.edu.gt\/wp-content\/uploads\/2024\/05\/objetivo-150x150.png 150w\" sizes=\"(max-width: 512px) 100vw, 512px\" \/>\t\t\t\t\t\t\t\t\t\t\t\t\t\t\t<\/div>\n\t\t\t\t<\/div>\n\t\t\t\t<div class=\"elementor-element elementor-element-32666e4 elementor-widget elementor-widget-heading\" data-id=\"32666e4\" data-element_type=\"widget\" data-e-type=\"widget\" data-widget_type=\"heading.default\">\n\t\t\t\t<div class=\"elementor-widget-container\">\n\t\t\t\t\t<h2 class=\"elementor-heading-title elementor-size-default\">Objetivos<\/h2>\t\t\t\t<\/div>\n\t\t\t\t<\/div>\n\t\t\t\t<div class=\"elementor-element elementor-element-2548df2 elementor-widget elementor-widget-text-editor\" data-id=\"2548df2\" data-element_type=\"widget\" data-e-type=\"widget\" data-widget_type=\"text-editor.default\">\n\t\t\t\t<div class=\"elementor-widget-container\">\n\t\t\t\t\t\t\t\t\t<ol>\n<li>Encauzar a los educandos por los senderos de la \u00e9tica y de la moral siendo\nresponsables de sus actos.<\/li>\n<li>Normar las actividades docentes, escolares y de convivencia para que las mismas se\nejecuten dentro de lo que indica el presente reglamento.<\/li>\n<li>Delimitar las funciones, derechos y obligaciones de toda la comunidad educativa con\nel fin de alcanzar un \u00f3ptimo desempe\u00f1o.<\/li>\n<li>Desarrollar en los educandos un alto sentido de responsabilidad, orden, organizaci\u00f3n\ny cooperaci\u00f3n.<\/li><\/ol>\t\t\t\t\t\t\t\t<\/div>\n\t\t\t\t<\/div>\n\t\t\t\t<\/div>\n\t\t\t\t\t<\/div>\n\t\t\t\t<\/div>\n\t\t<div class=\"elementor-element elementor-element-31d9cd2 e-flex e-con-boxed e-con e-parent\" data-id=\"31d9cd2\" data-element_type=\"container\" data-e-type=\"container\">\n\t\t\t\t\t<div class=\"e-con-inner\">\n\t\t\t\t<div class=\"elementor-element elementor-element-57331b8 elementor-widget elementor-widget-spacer\" data-id=\"57331b8\" data-element_type=\"widget\" data-e-type=\"widget\" data-widget_type=\"spacer.default\">\n\t\t\t\t<div class=\"elementor-widget-container\">\n\t\t\t\t\t\t\t<div class=\"elementor-spacer\">\n\t\t\t<div class=\"elementor-spacer-inner\"><\/div>\n\t\t<\/div>\n\t\t\t\t\t\t<\/div>\n\t\t\t\t<\/div>\n\t\t\t\t<div class=\"elementor-element elementor-element-2e66b56 elementor-widget elementor-widget-heading\" data-id=\"2e66b56\" data-element_type=\"widget\" data-e-type=\"widget\" data-widget_type=\"heading.default\">\n\t\t\t\t<div class=\"elementor-widget-container\">\n\t\t\t\t\t<h2 class=\"elementor-heading-title elementor-size-default\">Filosof\u00eda educativa<\/h2>\t\t\t\t<\/div>\n\t\t\t\t<\/div>\n\t\t\t\t\t<\/div>\n\t\t\t\t<\/div>\n\t\t<div class=\"elementor-element elementor-element-4a21762 e-con-full e-flex e-con e-parent\" data-id=\"4a21762\" data-element_type=\"container\" data-e-type=\"container\">\n\t\t<div class=\"elementor-element elementor-element-c32fde4 e-con-full e-flex e-con e-child\" data-id=\"c32fde4\" data-element_type=\"container\" data-e-type=\"container\">\n\t\t\t\t<div class=\"elementor-element elementor-element-b2866a8 elementor-widget elementor-widget-image\" data-id=\"b2866a8\" data-element_type=\"widget\" data-e-type=\"widget\" data-widget_type=\"image.default\">\n\t\t\t\t<div class=\"elementor-widget-container\">\n\t\t\t\t\t\t\t\t\t\t\t\t\t\t\t<img loading=\"lazy\" decoding=\"async\" width=\"512\" height=\"512\" src=\"https:\/\/www.delmonteschool.edu.gt\/wp-content\/uploads\/2024\/05\/proposito.png\" class=\"attachment-large size-large wp-image-121\" alt=\"\" srcset=\"https:\/\/www.delmonteschool.edu.gt\/wp-content\/uploads\/2024\/05\/proposito.png 512w, https:\/\/www.delmonteschool.edu.gt\/wp-content\/uploads\/2024\/05\/proposito-300x300.png 300w, https:\/\/www.delmonteschool.edu.gt\/wp-content\/uploads\/2024\/05\/proposito-150x150.png 150w\" sizes=\"(max-width: 512px) 100vw, 512px\" \/>\t\t\t\t\t\t\t\t\t\t\t\t\t\t\t<\/div>\n\t\t\t\t<\/div>\n\t\t\t\t<div class=\"elementor-element elementor-element-d8121e8 elementor-widget elementor-widget-heading\" data-id=\"d8121e8\" data-element_type=\"widget\" data-e-type=\"widget\" data-widget_type=\"heading.default\">\n\t\t\t\t<div class=\"elementor-widget-container\">\n\t\t\t\t\t<h2 class=\"elementor-heading-title elementor-size-default\">I. Prop\u00f3sito del establecimiento<\/h2>\t\t\t\t<\/div>\n\t\t\t\t<\/div>\n\t\t\t\t<div class=\"elementor-element elementor-element-2151dc9 elementor-widget elementor-widget-text-editor\" data-id=\"2151dc9\" data-element_type=\"widget\" data-e-type=\"widget\" data-widget_type=\"text-editor.default\">\n\t\t\t\t<div class=\"elementor-widget-container\">\n\t\t\t\t\t\t\t\t\t<p>El Centro Educativo Biling\u00fce Del Monte \u2013 CEDM es una instituci\u00f3n privada con \u00e9nfasis en la ense\u00f1anza del idioma ingl\u00e9s; sin af\u00e1n de lucro, ni afiliaci\u00f3n pol\u00edtica. Su prop\u00f3sito es:<\/p><ol><li>Impartir una educaci\u00f3n integral, de acuerdo con las normas del Ministerio de Educaci\u00f3n y de colegios privados de alto nivel acad\u00e9mico en Guatemala.<\/li><li>Preparar a los alumnos para continuar estudios superiores en universidades del sistema nacional guatemalteco o del exterior, y adem\u00e1s desarrollar en ellos una visi\u00f3n que les permita un mejor desempe\u00f1o acad\u00e9mico.<\/li><li>Ayudar a la juventud a reconocer y respetar los derechos y responsabilidades de una vida democr\u00e1tica.<\/li><li>Desarrollar la comprensi\u00f3n cultural y amistosa.<\/li><li>Desarrollar en la juventud la habilidad de pensar por s\u00ed misma, dentro de valores de moral y \u00e9tica.<\/li><li>Brindar al estudiante las herramientas necesarias para que tenga la capacidad de resolver responsable e independientemente situaciones del diario vivir a trav\u00e9s del di\u00e1logo, el saber escuchar y la empat\u00eda.<\/li><\/ol>\t\t\t\t\t\t\t\t<\/div>\n\t\t\t\t<\/div>\n\t\t\t\t<\/div>\n\t\t<div class=\"elementor-element elementor-element-53425f1 e-con-full e-flex e-con e-child\" data-id=\"53425f1\" data-element_type=\"container\" data-e-type=\"container\">\n\t\t\t\t<div class=\"elementor-element elementor-element-1359154 elementor-widget elementor-widget-image\" data-id=\"1359154\" data-element_type=\"widget\" data-e-type=\"widget\" data-widget_type=\"image.default\">\n\t\t\t\t<div class=\"elementor-widget-container\">\n\t\t\t\t\t\t\t\t\t\t\t\t\t\t\t<img loading=\"lazy\" decoding=\"async\" width=\"512\" height=\"512\" src=\"https:\/\/www.delmonteschool.edu.gt\/wp-content\/uploads\/2024\/05\/filosofia.png\" class=\"attachment-large size-large wp-image-115\" alt=\"\" srcset=\"https:\/\/www.delmonteschool.edu.gt\/wp-content\/uploads\/2024\/05\/filosofia.png 512w, https:\/\/www.delmonteschool.edu.gt\/wp-content\/uploads\/2024\/05\/filosofia-300x300.png 300w, https:\/\/www.delmonteschool.edu.gt\/wp-content\/uploads\/2024\/05\/filosofia-150x150.png 150w\" sizes=\"(max-width: 512px) 100vw, 512px\" \/>\t\t\t\t\t\t\t\t\t\t\t\t\t\t\t<\/div>\n\t\t\t\t<\/div>\n\t\t\t\t<div class=\"elementor-element elementor-element-a4402e7 elementor-widget elementor-widget-heading\" data-id=\"a4402e7\" data-element_type=\"widget\" data-e-type=\"widget\" data-widget_type=\"heading.default\">\n\t\t\t\t<div class=\"elementor-widget-container\">\n\t\t\t\t\t<h2 class=\"elementor-heading-title elementor-size-default\">\u00a0II. Filosof\u00eda<\/h2>\t\t\t\t<\/div>\n\t\t\t\t<\/div>\n\t\t\t\t<div class=\"elementor-element elementor-element-04dc17b elementor-widget elementor-widget-text-editor\" data-id=\"04dc17b\" data-element_type=\"widget\" data-e-type=\"widget\" data-widget_type=\"text-editor.default\">\n\t\t\t\t<div class=\"elementor-widget-container\">\n\t\t\t\t\t\t\t\t\t<p><span class=\"fontstyle2\">La educaci\u00f3n es el proceso que prepara al individuo para participar y funcionar creativamente empleando toda su capacidad en un mundo cambiante, el cual est\u00e1 influenciado por la ciencia y la tecnolog\u00eda.<\/span><\/p><p><span class=\"fontstyle2\">El objeto de la educaci\u00f3n es el de permitir al individuo vivir feliz y objetivamente consigo mismo y con los dem\u00e1s, de acuerdo con sus capacidades.<\/span><\/p><p><span class=\"fontstyle2\">Nuestra preocupaci\u00f3n no es solamente el prop\u00f3sito acad\u00e9mico, sino el logro de una madurez f\u00edsica, social, emocional y espiritual.<\/span><\/p><p><span class=\"fontstyle2\">Adem\u00e1s de los valores mencionados, nuestros programas proveer\u00e1n las oportunidades para desarrollar un pensamiento pr\u00e1ctico-cr\u00edtico, la comunicaci\u00f3n efectiva en ingl\u00e9s y espa\u00f1ol, haciendo \u00e9nfasis en la autodisciplina y la reafirmaci\u00f3n de la conciencia c\u00edvica.<\/span><\/p>\t\t\t\t\t\t\t\t<\/div>\n\t\t\t\t<\/div>\n\t\t\t\t<\/div>\n\t\t<div class=\"elementor-element elementor-element-f325066 e-con-full e-flex e-con e-child\" data-id=\"f325066\" data-element_type=\"container\" data-e-type=\"container\">\n\t\t\t\t<div class=\"elementor-element elementor-element-9491415 elementor-widget elementor-widget-image\" data-id=\"9491415\" data-element_type=\"widget\" data-e-type=\"widget\" data-widget_type=\"image.default\">\n\t\t\t\t<div class=\"elementor-widget-container\">\n\t\t\t\t\t\t\t\t\t\t\t\t\t\t\t<img loading=\"lazy\" decoding=\"async\" width=\"512\" height=\"512\" src=\"https:\/\/www.delmonteschool.edu.gt\/wp-content\/uploads\/2024\/05\/bandera.png\" class=\"attachment-large size-large wp-image-120\" alt=\"\" srcset=\"https:\/\/www.delmonteschool.edu.gt\/wp-content\/uploads\/2024\/05\/bandera.png 512w, https:\/\/www.delmonteschool.edu.gt\/wp-content\/uploads\/2024\/05\/bandera-300x300.png 300w, https:\/\/www.delmonteschool.edu.gt\/wp-content\/uploads\/2024\/05\/bandera-150x150.png 150w\" sizes=\"(max-width: 512px) 100vw, 512px\" \/>\t\t\t\t\t\t\t\t\t\t\t\t\t\t\t<\/div>\n\t\t\t\t<\/div>\n\t\t\t\t<div class=\"elementor-element elementor-element-7e90a94 elementor-widget elementor-widget-heading\" data-id=\"7e90a94\" data-element_type=\"widget\" data-e-type=\"widget\" data-widget_type=\"heading.default\">\n\t\t\t\t<div class=\"elementor-widget-container\">\n\t\t\t\t\t<h2 class=\"elementor-heading-title elementor-size-default\">\u00a0II. \u00a0Fines educacionales<\/h2>\t\t\t\t<\/div>\n\t\t\t\t<\/div>\n\t\t\t\t<div class=\"elementor-element elementor-element-b7a662c elementor-widget elementor-widget-text-editor\" data-id=\"b7a662c\" data-element_type=\"widget\" data-e-type=\"widget\" data-widget_type=\"text-editor.default\">\n\t\t\t\t<div class=\"elementor-widget-container\">\n\t\t\t\t\t\t\t\t\t<ol>\n<li>Proporcionar una educaci\u00f3n basada en principios humanos, cient\u00edficos, t\u00e9cnicos, culturales, y espirituales, que los preparen para el trabajo, la convivencia social y lespermitan el acceso a otros niveles de vida.<\/li>\n\n<li>Impulsar en el alumno el conocimiento de la ciencia y la tecnolog\u00eda moderna como medio para preservar su ambiente o modificarlo en favor de la sociedad.<\/li>\n\n<li>Formar ciudadanos con conciencia cr\u00edtica de la realidad guatemalteca para que puedan participar responsablemente en la b\u00fasqueda de soluciones econ\u00f3micas, sociales, pol\u00edticas, humanas y justas.<\/li>\n\n<li>Desarrollar una actitud cr\u00edtica e investigativa para que pueda enfrentar con eficacia los cambios que la sociedad le presenta.<\/li>\n\n<li>Capacitar e inducir al educando para que contribuya al fortalecimiento de una verdadera democracia.<\/li>\n\n<li>Fomentar en el alumno un completo sentido de disciplina, organizaci\u00f3n, responsabilidad, orden y cooperaci\u00f3n.<\/li>\n\n<li>Fomentar el esp\u00edritu y las destrezas necesarias para trabajar en equipo, emplear los mecanismos de cooperaci\u00f3n y llevar a cabo trabajos en grupo, as\u00ed como la independencia econ\u00f3mica, pol\u00edtica y cultural de Guatemala dentro de la comunidad internacional.<\/li><\/ol>\t\t\t\t\t\t\t\t<\/div>\n\t\t\t\t<\/div>\n\t\t\t\t<\/div>\n\t\t\t\t<\/div>\n\t\t<div class=\"elementor-element elementor-element-efad071 e-flex e-con-boxed e-con e-parent\" data-id=\"efad071\" data-element_type=\"container\" data-e-type=\"container\">\n\t\t\t\t\t<div class=\"e-con-inner\">\n\t\t\t\t<div class=\"elementor-element elementor-element-cff136c elementor-widget elementor-widget-spacer\" data-id=\"cff136c\" data-element_type=\"widget\" data-e-type=\"widget\" data-widget_type=\"spacer.default\">\n\t\t\t\t<div class=\"elementor-widget-container\">\n\t\t\t\t\t\t\t<div class=\"elementor-spacer\">\n\t\t\t<div class=\"elementor-spacer-inner\"><\/div>\n\t\t<\/div>\n\t\t\t\t\t\t<\/div>\n\t\t\t\t<\/div>\n\t\t\t\t<div class=\"elementor-element elementor-element-9284c36 elementor-widget elementor-widget-heading\" data-id=\"9284c36\" data-element_type=\"widget\" data-e-type=\"widget\" data-widget_type=\"heading.default\">\n\t\t\t\t<div class=\"elementor-widget-container\">\n\t\t\t\t\t<h2 class=\"elementor-heading-title elementor-size-default\">Noticias<\/h2>\t\t\t\t<\/div>\n\t\t\t\t<\/div>\n\t\t\t\t\t<\/div>\n\t\t\t\t<\/div>\n\t\t<div class=\"elementor-element elementor-element-320c5dd e-flex e-con-boxed e-con e-parent\" data-id=\"320c5dd\" data-element_type=\"container\" data-e-type=\"container\">\n\t\t\t\t\t<div class=\"e-con-inner\">\n\t\t\t\t\t<\/div>\n\t\t\t\t<\/div>\n\t\t\t\t<\/div>\n\t\t","protected":false},"excerpt":{"rendered":"<p>&amp;amp;lt;h2&amp;amp;gt;Centro Educativo Biling\u00fce&amp;amp;lt;\/h2&amp;amp;gt; &amp;amp;lt;h2&amp;amp;gt;del Monte&amp;amp;lt;\/h2&amp;amp;gt; &amp;amp;lt;h3&amp;amp;gt; Living Our Values &amp;amp;lt;\/h3&amp;amp;gt; &amp;amp;lt;img width=&amp;amp;quot;512&amp;amp;quot; height=&amp;amp;quot;512&amp;amp;quot; src=&amp;amp;quot;https:\/\/www.delmonteschool.edu.gt\/wp-content\/uploads\/2024\/05\/vision.png&amp;amp;quot; alt=&amp;amp;quot;&amp;amp;quot; srcset=&amp;amp;quot;https:\/\/www.delmonteschool.edu.gt\/wp-content\/uploads\/2024\/05\/vision.png 512w, https:\/\/www.delmonteschool.edu.gt\/wp-content\/uploads\/2024\/05\/vision-300&#215;300.png 300w, https:\/\/www.delmonteschool.edu.gt\/wp-content\/uploads\/2024\/05\/vision-150&#215;150.png 150w&amp;amp;quot; sizes=&amp;amp;quot;(max-width: 512px) 100vw, 512px&amp;amp;quot; \/&amp;amp;gt; &amp;amp;lt;h2&amp;amp;gt;Visi\u00f3n&amp;amp;lt;\/h2&amp;amp;gt; &amp;amp;lt;p&amp;amp;gt;Ser un colegio con estudiantes competentes que posean una formaci\u00f3n integral, con un sistema biling\u00fce completo, pensamiento anal\u00edtico, cr\u00edtico y un alto nivel acad\u00e9mico. Con un genuino compromiso [&hellip;]<\/p>\n","protected":false},"author":1,"featured_media":0,"parent":0,"menu_order":0,"comment_status":"closed","ping_status":"closed","template":"","meta":{"footnotes":""},"class_list":["post-10","page","type-page","status-publish","hentry"],"_links":{"self":[{"href":"https:\/\/www.delmonteschool.edu.gt\/index.php?rest_route=\/wp\/v2\/pages\/10","targetHints":{"allow":["GET"]}}],"collection":[{"href":"https:\/\/www.delmonteschool.edu.gt\/index.php?rest_route=\/wp\/v2\/pages"}],"about":[{"href":"https:\/\/www.delmonteschool.edu.gt\/index.php?rest_route=\/wp\/v2\/types\/page"}],"author":[{"embeddable":true,"href":"https:\/\/www.delmonteschool.edu.gt\/index.php?rest_route=\/wp\/v2\/users\/1"}],"replies":[{"embeddable":true,"href":"https:\/\/www.delmonteschool.edu.gt\/index.php?rest_route=%2Fwp%2Fv2%2Fcomments&post=10"}],"version-history":[{"count":162,"href":"https:\/\/www.delmonteschool.edu.gt\/index.php?rest_route=\/wp\/v2\/pages\/10\/revisions"}],"predecessor-version":[{"id":108616,"href":"https:\/\/www.delmonteschool.edu.gt\/index.php?rest_route=\/wp\/v2\/pages\/10\/revisions\/108616"}],"wp:attachment":[{"href":"https:\/\/www.delmonteschool.edu.gt\/index.php?rest_route=%2Fwp%2Fv2%2Fmedia&parent=10"}],"curies":[{"name":"wp","href":"https:\/\/api.w.org\/{rel}","templated":true}]}}